{"id":140,"date":"2026-01-24T18:06:08","date_gmt":"2026-01-24T17:06:08","guid":{"rendered":"https:\/\/www.min-cancerresa.com\/?page_id=140"},"modified":"2026-04-17T23:17:08","modified_gmt":"2026-04-17T21:17:08","slug":"om-mig","status":"publish","type":"page","link":"https:\/\/www.min-cancerresa.com\/?page_id=140","title":{"rendered":"om mig"},"content":{"rendered":"\n<p>hej jag heter per Nordin Borl\u00e4nge och driver smilephoto och \u00e4r gift med fru. bor i borl\u00e4nge. och gillar fota m,m .<\/p>\n\n\n\n<p><strong>Sen  Januari <\/strong>2026 s\u00e5 lever jag ocks\u00e5 med en Myelom (multipelt myelom) . p\u00e5 denna blogg kan ni l\u00e4sa om allt om min behandling m,m<\/p>\n\n\n\n<p><\/p>\n","protected":false},"excerpt":{"rendered":"<p>hej jag heter per Nordin Borl\u00e4nge och driver smilephoto och \u00e4r gift med fru. bor i borl\u00e4nge. och gillar fota m,m . Sen Januari 2026 s\u00e5 lever jag ocks\u00e5 med en Myelom (multipelt myelom) . p\u00e5 denna blogg kan ni &hellip; <a href=\"https:\/\/www.min-cancerresa.com\/?page_id=140\">Forts\u00e4tt l\u00e4sa <span class=\"meta-nav\">&rarr;<\/span><\/a><\/p>\n","protected":false},"author":1,"featured_media":0,"parent":0,"menu_order":0,"comment_status":"closed","ping_status":"closed","template":"","meta":{"ngg_post_thumbnail":0,"footnotes":""},"class_list":["post-140","page","type-page","status-publish","hentry"],"jetpack_sharing_enabled":true,"_links":{"self":[{"href":"https:\/\/www.min-cancerresa.com\/index.php?rest_route=\/wp\/v2\/pages\/140","targetHints":{"allow":["GET"]}}],"collection":[{"href":"https:\/\/www.min-cancerresa.com\/index.php?rest_route=\/wp\/v2\/pages"}],"about":[{"href":"https:\/\/www.min-cancerresa.com\/index.php?rest_route=\/wp\/v2\/types\/page"}],"author":[{"embeddable":true,"href":"https:\/\/www.min-cancerresa.com\/index.php?rest_route=\/wp\/v2\/users\/1"}],"replies":[{"embeddable":true,"href":"https:\/\/www.min-cancerresa.com\/index.php?rest_route=%2Fwp%2Fv2%2Fcomments&post=140"}],"version-history":[{"count":4,"href":"https:\/\/www.min-cancerresa.com\/index.php?rest_route=\/wp\/v2\/pages\/140\/revisions"}],"predecessor-version":[{"id":418,"href":"https:\/\/www.min-cancerresa.com\/index.php?rest_route=\/wp\/v2\/pages\/140\/revisions\/418"}],"wp:attachment":[{"href":"https:\/\/www.min-cancerresa.com\/index.php?rest_route=%2Fwp%2Fv2%2Fmedia&parent=140"}],"curies":[{"name":"wp","href":"https:\/\/api.w.org\/{rel}","templated":true}]}}