{"id":149,"date":"2026-01-27T14:18:00","date_gmt":"2026-01-27T13:18:00","guid":{"rendered":"https:\/\/www.min-cancerresa.com\/?page_id=149"},"modified":"2026-04-04T19:02:31","modified_gmt":"2026-04-04T17:02:31","slug":"vad-ar-myelom","status":"publish","type":"page","link":"https:\/\/www.min-cancerresa.com\/?page_id=149","title":{"rendered":"vad \u00e4r myelom"},"content":{"rendered":"\n<p class=\"has-medium-font-size\">&nbsp;Myelom (multipelt myelom) \u00e4r en kronisk blodcancer som uppst\u00e5r i benm\u00e4rgens plasmaceller, en typ av vita blodkroppar, och drabbar fr\u00e4mst personer \u00f6ver 65 \u00e5r. Sjukdomen g\u00f6r att onormala plasmaceller f\u00f6r\u00f6kar sig, vilket kan orsaka skelettsm\u00e4rta, njursvikt, blodbrist och \u00f6kad infektionsk\u00e4nslighet. Det g\u00e5r i dagsl\u00e4get inte att bota, men nya behandlingar med cellgifter och m\u00e5ls\u00f6kande l\u00e4kemedel har avsev\u00e4rt f\u00f6rb\u00e4ttrat prognosen och livskvaliteten.<\/p>\n\n\n\n<p class=\"has-medium-font-size\"><strong>K\u00e4nnetecken och symtom p\u00e5 myelom:<\/strong><\/p>\n\n\n\n<ul class=\"wp-block-list\">\n<li class=\"has-medium-font-size\"><strong>Skelettsm\u00e4rta:<\/strong>&nbsp;Ofta i rygg, br\u00f6stkorg eller b\u00e4cken p\u00e5 grund av urkalkning av skelettet.<\/li>\n\n\n\n<li class=\"has-medium-font-size\"><strong>Tr\u00f6tthet och anemi:<\/strong>&nbsp;Beror p\u00e5 att cancer-cellerna tr\u00e4nger ut den normala blodbildningen.<\/li>\n\n\n\n<li class=\"has-medium-font-size\"><strong>Njursvikt:<\/strong>&nbsp;Orsakas av skadliga proteiner (M-komponent) som plasmacellerna producerar.<\/li>\n\n\n\n<li class=\"has-medium-font-size\"><strong>Infektioner:<\/strong>&nbsp;F\u00f6rsvagat immunf\u00f6rsvar g\u00f6r att man l\u00e4ttare drabbas av infektioner.<\/li>\n\n\n\n<li class=\"has-medium-font-size\"><strong>\u00d6kad kalkhalt i blodet:<\/strong>&nbsp;Kan leda till f\u00f6rvirring och tr\u00f6tthet.&nbsp;<\/li>\n<\/ul>\n\n\n\n<p class=\"has-medium-font-size\">Myelom uppt\u00e4cks ofta vid rutinprovtagning via en s\u00e5 kallad M-komponent i blodet eller urinen. Sjukdomen \u00e4r vanligast hos personer \u00f6ver 60-65 \u00e5r.<\/p>\n\n\n\n<p class=\"has-medium-font-size\">Till skillnad fr\u00e5n leukemi, en cancerform som drabbar de omogna blodkroppar som du kanske har h\u00f6rt talas om, cirkulerar myelomceller vanligtvis inte i blodomloppet utan stannar vanligtvis kvar i benm\u00e4rgen . Problemen som myelomceller orsakar och behandlingarna som anv\u00e4nds f\u00f6r att behandla myelom skiljer sig ocks\u00e5 fr\u00e5n leukemi.<\/p>\n\n\n\n<p class=\"has-medium-font-size\">fakta kommer fr\u00e5n . https:\/\/www.cancerfonden.se\/<\/p>\n\n\n\n<p class=\"has-medium-font-size\">Samma fattning<br>Myelom \u00e4r en cancersjukdom i benm\u00e4rgen.<br>ca 600 person drabbas varje \u00e5r av Myelom<br>fr\u00e4nst \u00e4ldre<\/p>\n\n\n\n<p class=\"has-medium-font-size\">Bakomliggande orsak orsak oklart ejborbart i dagsl\u00e4ge<br>drantiska f\u00f6rb\u00e4ttrning att behadla tack vare nya metoder<\/p>\n\n\n\n<p class=\"has-medium-font-size\">stor forskning p\u00e5g\u00e5r inom omr\u00e5det.<\/p>\n","protected":false},"excerpt":{"rendered":"<p>&nbsp;Myelom (multipelt myelom) \u00e4r en kronisk blodcancer som uppst\u00e5r i benm\u00e4rgens plasmaceller, en typ av vita blodkroppar, och drabbar fr\u00e4mst personer \u00f6ver 65 \u00e5r. Sjukdomen g\u00f6r att onormala plasmaceller f\u00f6r\u00f6kar sig, vilket kan orsaka skelettsm\u00e4rta, njursvikt, blodbrist och \u00f6kad infektionsk\u00e4nslighet. &hellip; <a href=\"https:\/\/www.min-cancerresa.com\/?page_id=149\">Forts\u00e4tt l\u00e4sa <span class=\"meta-nav\">&rarr;<\/span><\/a><\/p>\n","protected":false},"author":1,"featured_media":0,"parent":0,"menu_order":0,"comment_status":"closed","ping_status":"closed","template":"","meta":{"ngg_post_thumbnail":0,"footnotes":""},"class_list":["post-149","page","type-page","status-publish","hentry"],"jetpack_sharing_enabled":true,"_links":{"self":[{"href":"https:\/\/www.min-cancerresa.com\/index.php?rest_route=\/wp\/v2\/pages\/149","targetHints":{"allow":["GET"]}}],"collection":[{"href":"https:\/\/www.min-cancerresa.com\/index.php?rest_route=\/wp\/v2\/pages"}],"about":[{"href":"https:\/\/www.min-cancerresa.com\/index.php?rest_route=\/wp\/v2\/types\/page"}],"author":[{"embeddable":true,"href":"https:\/\/www.min-cancerresa.com\/index.php?rest_route=\/wp\/v2\/users\/1"}],"replies":[{"embeddable":true,"href":"https:\/\/www.min-cancerresa.com\/index.php?rest_route=%2Fwp%2Fv2%2Fcomments&post=149"}],"version-history":[{"count":5,"href":"https:\/\/www.min-cancerresa.com\/index.php?rest_route=\/wp\/v2\/pages\/149\/revisions"}],"predecessor-version":[{"id":302,"href":"https:\/\/www.min-cancerresa.com\/index.php?rest_route=\/wp\/v2\/pages\/149\/revisions\/302"}],"wp:attachment":[{"href":"https:\/\/www.min-cancerresa.com\/index.php?rest_route=%2Fwp%2Fv2%2Fmedia&parent=149"}],"curies":[{"name":"wp","href":"https:\/\/api.w.org\/{rel}","templated":true}]}}